i) = i - 6. Let s be h(11). Let o(w) = 4*w + w**3 - 2*w**3 - s - 11 - 4*w**2 + 16*w**2. What are the prime factors of o(12)?
2
Let j = 90 + -128. Let z = 44 + j. What are the prime factors of z?
2, 3
List the prime factors of -9 + (9 - 7) + 594.
587
Suppose -3*a + 213 = 2*a + n, 4*a - 5*n - 153 = 0. Suppose 0 = s - a - 54. What are the prime factors of s?
2, 3
Suppose -2*q + 11 + 7 = 0. Suppose 0*g - 3*g + q = 0. List the prime factors of 1/(2 - 5/g).
3
Suppose 0 = -v + 6*v + 5, 0 = -3*m - 5*v + 46. Let h(b) = 2*b - 7. Let k be h(m). What are the prime factors of 6/k - 574/(-9)?
2
Suppose -l + 6*c + 1752 = 8*c, c = 5*l - 8771. What are the prime factors of l?
2, 877
Suppose 35*j = 30*j + 10125. What are the prime factors of j?
3, 5
Suppose d = 5*d. Suppose d = -3*q + 4*q - 9. What are the prime factors of q?
3
Let k be (11/2 + -1)/(3/6). Suppose 0 = k*d - 4*d - 685. What are the prime factors of d?
137
Suppose 10 = -4*t - 6. Let k be t*1/10*-120. Let i = k - 15. List the prime factors of i.
3, 11
Suppose 0 = -5*n + 2098 - 318. Suppose -12 = -2*k - k, 0 = -4*s - k + n. Suppose 4*q = 4*i + s, -4*q + 86 = -0*i - 2*i. What are the prime factors of q?
3, 7
Suppose -2*z = -z + 5*k - 846, 4*z - 2*k = 3406. Suppose 3*r - 5*d + 845 = 8*r, z = 5*r - d. List the prime factors of r.
2, 5, 17
Let m(v) = -v + 1. Let u be m(-8). Let l be 12318/27 - 2/u. What are the prime factors of ((-1)/3)/((-19)/l)?
2
Let s = -85 + 83. Let q(x) = -133*x - 16. List the prime factors of q(s).
2, 5
Suppose -2*j - 4*p = -30, 0 = -4*j - p + 30 + 37. Let c(y) = -2*y**2 + 36*y + 1. What are the prime factors of c(j)?
5, 7
Let u(h) = -5*h + 44. Let r = -7 - 4. What are the prime factors of u(r)?
3, 11
Let x = -2619 - -3777. What are the prime factors of x?
2, 3, 193
Suppose -2*c = -c - 5*d - 3486, 5*c - 4*d - 17472 = 0. List the prime factors of c.
2, 19, 23
Let u(v) = v**3 - 3*v**2 - v + 4. Suppose 0 = 5*f - 5 - 10, 2*q - 1 = f. Let k be u(q). List the prime factors of 57*k/(-3 + -3).
19
Let j(m) = 16*m. Let p be j(-2). Let b = 286 + p. Suppose 74 = -5*n + b. List the prime factors of n.
2, 3
List the prime factors of (-6)/9 - 57136/(-24).
2, 5, 7, 17
Let n(j) = 3753*j**2 + 17*j + 19. What are the prime factors of n(-1)?
5, 751
Let v = -1036 - -1979. List the prime factors of v.
23, 41
Suppose -5*t + 56 + 4 = 0. Suppose -t = -b - 0. List the prime factors of b*((-2)/(-4) + 2).
2, 3, 5
Let n = 6 - 6. Suppose n*k = -k + 4. Suppose -t - 3*r = -3, 0 = k*t - 4*r - r - 29. List the prime factors of t.
2, 3
Let m(u) = -u**2 + u - 1. Let f(z) = -z**3 + 3*z**2 - z + 2. Let o be f(2). Let h be m(o). List the prime factors of (h/2)/(3/(-30)).
5, 13
Let x = 2333 + 2742. List the prime factors of x.
5, 7, 29
Suppose 3*a = -4*n + 9, 2*n - 5*a = 16 - 5. Suppose 12 = n*v - 3. Suppose 2*t - 3*x + 114 = v*t, 4*t - 2*x = 146. List the prime factors of t.
37
Let r(b) = -4*b - 37. Let i be r(-10). Suppose 0 = 3*s - 9, 3*z - 5*s + i*s = 300. List the prime factors of z.
2, 3, 17
Suppose -o = 3*z - 273, -2*z - 288 = -5*o + 4*o. What are the prime factors of o?
2, 3, 47
Suppose -z - 2858 = -5*y, 4*y + 4*z - z - 2294 = 0. Suppose -84 + y = 4*p. List the prime factors of p.
2, 61
Let a(t) = 3*t**2 - 9*t - 14. Let w be a(-3). What are the prime factors of (7776/w)/1 + 2/(-5)?
2, 97
Let s = 862 - 84. What are the prime factors of s?
2, 389
Let c = 10 + 456. What are the prime factors of c?
2, 233
Let p = -1833 + 4906. List the prime factors of p.
7, 439
Let j(f) = 12*f**2 - f**3 - 18*f - 20*f + 25 + 6*f**2. What are the prime factors of j(15)?
2, 5, 13
Let f = 11 + 27. Let z = -16 + f. What are the prime factors of z?
2, 11
Suppose -h - 18 = 2*h. Suppose -3*q = -5*a + 92, 0 = 3*a - 5*a - 4*q + 16. Let r = a - h. What are the prime factors of r?
2, 11
Let i(y) = -16*y**2 + 1018. List the prime factors of i(0).
2, 509
Suppose 3619 = 9*c - 2933. What are the prime factors of c?
2, 7, 13
Let q(p) = 55*p**2 - 35*p - 154. List the prime factors of q(-4).
2, 433
Suppose -5*o - 3789 = -4*t, -2*t - t - 5*o + 2833 = 0. What are the prime factors of t?
2, 11, 43
Let u = 72 - 120. Let l = u - -33. Let p = -11 - l. List the prime factors of p.
2
Let d(m) = m**2 - 5*m + 18. Let c be d(11). Suppose -h = 3*o - 4*h - c, -5*h = -25. List the prime factors of o.
3, 11
Suppose -4*g + 410 = 3*y - 1, 520 = 4*y - 4*g. List the prime factors of y.
7, 19
Let m(x) = -4*x - 20. Let z be m(-5). Suppose z = -5*f - u + 953, -3*f - f + 774 = -5*u. What are the prime factors of f?
191
Let j = 759 + 381. What are the prime factors of j?
2, 3, 5, 19
Let b = 168 + -97. Suppose -6*g = -b - 163. What are the prime factors of g?
3, 13
Suppose -5*h + 851 = 4*m, -3*m + 340 = 2*h - m. Let q = h + -105. Suppose -141 = -5*n + 3*x - 2, -4*x = 3*n - q. List the prime factors of n.
2, 13
Let y(w) = w**2 - 6*w + 34. List the prime factors of y(6).
2, 17
Suppose 4*g + 2*p - 829 = 7*p, 408 = 2*g + 4*p. What are the prime factors of g?
2, 103
Let s = -63 + 129. List the prime factors of s.
2, 3, 11
Suppose 0 = 9*p - 13*p + 12. Suppose p*l - 56 = 121. List the prime factors of l.
59
Suppose 53 = -3*y - 10. Let w be 864/14 - 6/y. Suppose -5*v + 139 = -3*z, w = 2*v + 3*z + 19. What are the prime factors of v?
2, 13
Let d(s) = s**3 + 11*s**2 - 13*s + 7. Let f be 22/4*4/(-2). What are the prime factors of d(f)?
2, 3, 5
Suppose -1611 = -17*h + 14216. What are the prime factors of h?
7, 19
Let f = -22 + 26. Suppose 0 = n - k - f, -5 - 1 = 3*k. Suppose j = 5*h + 21, n*h + 59 = 6*j - j. What are the prime factors of j?
11
Let i = 542 + -300. Suppose 3*n + i = 5*n. List the prime factors of n.
11
Let l(g) = -48*g + 28. List the prime factors of l(0).
2, 7
Let t(s) = -179*s**3 - 2*s**2 + 3*s + 3. What are the prime factors of t(-1)?
3, 59
Suppose -97*i + 92*i = -6225. List the prime factors of i.
3, 5, 83
Suppose -312 = 5*f - 827. List the prime factors of f.
103
Suppose -5*s - 4*x = -74, s - 2*s + x + 22 = 0. What are the prime factors of 12/s + (-112)/(-3)?
2, 19
Suppose -32 = -4*y - 84. What are the prime factors of 13/(y/2) + 71*1?
3, 23
Suppose 0 = 2*p - 610 - 60. Suppose 0*t + p = 5*t. What are the prime factors of t?
67
Let f(h) = h**2 - 4. Let u be f(-3). Suppose -7*j + 2*j = 3*m - 200, 4*m = -u*j + 195. What are the prime factors of j?
43
Suppose -4*v = -m + 20, -3*m + 3*v + 32 = 2*m. Suppose a + m*l - 109 = 0, -a + 5*l = a - 257. What are the prime factors of a?
11
Suppose 0 = -2*o - l - 3*l, 0 = o + 4*l + 8. Let h be (o/10)/(20/50). Suppose -t + 17 = 3*g - 3, t + 5 = h*g. What are the prime factors of t?
5
Suppose 5*r + 10 = -0*r. Let l be 4/(8/(-27))*r. Let t = l - 18. List the prime factors of t.
3
Let v = -14 + 58. Suppose g + 14 = v. What are the prime factors of g?
2, 3, 5
Suppose 2*q - 8 = 0, 6*q - 4 = -2*i + 3*q. List the prime factors of i/16 - (-1743)/12.
5, 29
Let a(l) = l**3 + 4*l**2 - 4. Let u be a(-3). Let x = 1 - 1. Suppose u*z - g - 6 = 88, -z + 2*g + 26 = x. List the prime factors of z.
2, 3
Let b be (-2)/(-15) - (-7912)/60. Let a be 8/(-28) + b/21. Let r = -4 + a. List the prime factors of r.
2
Suppose 2*h + 29 = 5*u, h - 4*h - 30 = -3*u. Let v be -10*h/((-28)/(-16)). Let y = v + -18. List the prime factors of y.
2, 11
Suppose 4*s + 9*s - 3432 = 0. What are the prime factors of s?
2, 3, 11
Suppose -4*k = -4*z + 1704, 0 = -3*z - 3*k - k + 1292. List the prime factors of z.
2, 107
Let k be 1/1 + 6/3. Suppose 0 = -2*z + 5*j + 36, 2*z - j = -k*j + 8. List the prime factors of z.
2
List the prime factors of 540/25*5070/52.
2, 3, 13
Let z(l) = -l**3 - l**2 - l - 2. Let m be z(-4). Suppose 4*n - m = 118. List the prime factors of n.
2, 3, 7
Let v = 2 + 0. Suppose v = 2*l - m, -5*m + 2 = -18. Suppose -n - w = -l*n + 27, -n = 5*w - 30. List the prime factors of n.
3, 5
What are the prime factors of 5/(100/11592) + 20/50?
2, 5, 29
Let r = 17 + -3. Let q be 1 + (-7)/(r/414). What are the prime factors of q/(-30) + (-2)/(-15)?
7
Suppose -12*r + 9*r = -303. Suppose -r = -6*h + 889. What are the prime factors of h?
3, 5, 11
Suppose -4939 = -9*x + 5*x + 5*f, -4*x + 4915 = 3*f. List the prime factors of x.
1231
Let u(r) = -101*r - 264. List the prime factors of u(-7).
443
Let d be -3*1*(2440/12)/5. Let g = 237 + d. What are the prime factors of g?
5